{"id":563769,"date":"2026-04-06T17:44:40","date_gmt":"2026-04-06T23:44:40","guid":{"rendered":"https:\/\/prensalibre-com-develop.go-vip.co\/guatevision\/contact"},"modified":"2026-04-06T17:44:40","modified_gmt":"2026-04-06T23:44:40","slug":"contact","status":"publish","type":"page","link":"https:\/\/prensalibre-com-develop.go-vip.co\/guatevision\/contact","title":{"rendered":"Contact"},"content":{"rendered":"<div  class=\"wp-block-ultimate-post-heading ultp-block-3b4f17\"><div class=\"ultp-block-wrapper\"><div class=\"ultp-heading-wrap ultp-heading-style1 ultp-heading-left\"><h2 class=\"ultp-heading-inner\"><span>CONTACT<\/span><\/h2><\/div><\/div><\/div>\n\n\n\n\n<div class=\"wp-block-ultimate-post-row ultp-block-558dec\"><div class=\"ultp-row-wrapper\"><div class=\"ultp-row-content\">\n<div class=\"wp-block-ultimate-post-column ultp-block-3126e0\"><div class=\"ultp-column-wrapper\"><p>[contact-form-7 id=&#8221;30f7d48&#8243; title=&#8221;Adventure Bundle&#8221;]<\/p>\n<\/div><\/div>\n\n\n\n<div class=\"wp-block-ultimate-post-column ultp-block-3ac016\"><div class=\"ultp-column-wrapper\"><div  class=\"wp-block-ultimate-post-heading ultp-block-92770d\"><div class=\"ultp-block-wrapper\"><div class=\"ultp-heading-wrap ultp-heading-style1 ultp-heading-left\"><h4 class=\"ultp-heading-inner\"><span>Recent post<\/span><\/h4><\/div><\/div><\/div>\n\n<div  class=\"ultp-post-grid-block wp-block-ultimate-post-post-list-2 ultp-block-56b0d7\"><div class=\"ultp-block-wrapper\"><div class=\"ultp-loading\"><div class=\"ultp-loading-blocks\" style=\"width:100%;height:100%;\"><div style=\"left: 0;top: 0;animation-delay:0s;\"><\/div><div style=\"left: 21px;top: 0;animation-delay:0.125s;\"><\/div><div style=\"left: 42px;top: 0;animation-delay:0.25s;\"><\/div><div style=\"left: 0;top: 21px;animation-delay:0.875s;\"><\/div><div style=\"left: 42px;top: 21px;animation-delay:0.375s;\"><\/div><div style=\"left: 0;top: 42px;animation-delay:0.75s;\"><\/div><div style=\"left: 42px;top: 42px;animation-delay:0.625s;\"><\/div><div style=\"left: 21px;top: 42px;animation-delay:0.5s;\"><\/div><\/div><\/div><div class=\"ultp-block-items-wrap ultp-block-content-middle ultp-layout1\"><div class=\"ultp-block-item ultp-block-media post-id-563712\"><div class=\"ultp-block-content-wrap ultp-first-postlist-2\"><div class=\"ultp-block-image ultp-block-image-zoomIn\"><a href=\"https:\/\/prensalibre-com-develop.go-vip.co\/guatevision\/hogar\/salud\/video-esto-pasa-realmente-si-toma-agua-con-limon-en-ayunas-segun-la-ciencia\" ><img decoding=\"async\"  alt=\"El agua con lim\u00f3n puede favorecer la digesti\u00f3n y aportar vitamina C, pero no sustituye una alimentaci\u00f3n equilibrada ni ayuda directamente a perder peso. La nutricionista Claudia Acevedo advierte que su consumo excesivo puede ser perjudicial para quienes padecen gastritis o reflujo.\"  src=\"https:\/\/prensalibre-com-develop.go-vip.co\/guatevision\/wp-content\/uploads\/sites\/2\/2025\/10\/Miniatura-Beneficios-del-agua-con-limon.jpg?quality=82&#038;w=870&#038;h=570&#038;crop=1\" \/><\/a><div class=\"ultp-category-img-grid\"><div class=\"ultp-category-grid ultp-category-classic ultp-category-topLeft\"><div class=\"ultp-category-in ultp-cat-color-1\"><a class=\"ultp-cat-salud ultp-cat-only-color-1\" href=\"https:\/\/prensalibre-com-develop.go-vip.co\/guatevision\/hogar\/salud\" style=\"background-color: #CE2746;\" >Salud<\/a><\/div><\/div><\/div><\/div><div class=\"ultp-block-content\"><div class=\"ultp-block-meta ultp-block-meta-emptyspace ultp-block-meta-icon\"><span class=\"ultp-block-date ultp-block-meta-element\"><svg xmlns=\"http:\/\/www.w3.org\/2000\/svg\" fill=\"none\" viewBox=\"0 0 24 24\">\n  <path stroke=\"currentColor\" stroke-linecap=\"round\" stroke-linejoin=\"round\" stroke-width=\"1.5\" d=\"M3 5.5a2 2 0 0 1 2-2h14a2 2 0 0 1 2 2v14a2 2 0 0 1-2 2H5a2 2 0 0 1-2-2v-14ZM8 2v3m8-3v3M3 9h18\"\/>\n<\/svg>\nOct 27, 2025<\/span><\/div><h3 class=\"ultp-block-title \"><a href=\"https:\/\/prensalibre-com-develop.go-vip.co\/guatevision\/hogar\/salud\/video-esto-pasa-realmente-si-toma-agua-con-limon-en-ayunas-segun-la-ciencia\" >VIDEO | Esto pasa realmente si toma agua con lim\u00f3n en ayunas, seg\u00fan la ciencia<\/a><\/h3><div class=\"ultp-block-excerpt\"><p>El agua con lim\u00f3n puede favorecer la digesti\u00f3n y aportar vitamina C, pero no&hellip;<\/p>\n<\/div><\/div><\/div><\/div><div class=\"ultp-block-item ultp-block-media post-id-563707\"><div class=\"ultp-block-content-wrap ultp-all-postlist-2\"><div class=\"ultp-block-image ultp-block-image-zoomIn\"><a href=\"https:\/\/prensalibre-com-develop.go-vip.co\/guatevision\/hogar\/salud\/video-los-beneficios-del-zapote-la-fruta-guatemalteca-que-mejora-la-digestion-y-refuerza-el-sistema-inmune\" ><img decoding=\"async\"  alt=\"El zapote es rico en antioxidantes, vitaminas y fibra, seg\u00fan las nutricionistas Mayda Arroyo y Mar\u00eda Jos\u00e9 Posadas. Su consumo ayuda a prevenir el envejecimiento prematuro y mejora la salud digestiva y circulatoria.\"  src=\"https:\/\/prensalibre-com-develop.go-vip.co\/guatevision\/wp-content\/uploads\/sites\/2\/2025\/10\/MINIATURA-ZAPOTE.jpg?quality=82&#038;w=150&#038;h=150&#038;crop=1\" \/><\/a><\/div><div class=\"ultp-block-content\"><div class=\"ultp-block-meta ultp-block-meta-emptyspace ultp-block-meta-icon\"><span class=\"ultp-block-date ultp-block-meta-element\"><svg xmlns=\"http:\/\/www.w3.org\/2000\/svg\" fill=\"none\" viewBox=\"0 0 24 24\">\n  <path stroke=\"currentColor\" stroke-linecap=\"round\" stroke-linejoin=\"round\" stroke-width=\"1.5\" d=\"M3 5.5a2 2 0 0 1 2-2h14a2 2 0 0 1 2 2v14a2 2 0 0 1-2 2H5a2 2 0 0 1-2-2v-14ZM8 2v3m8-3v3M3 9h18\"\/>\n<\/svg>\nOct 24, 2025<\/span><\/div><h3 class=\"ultp-block-title \"><a href=\"https:\/\/prensalibre-com-develop.go-vip.co\/guatevision\/hogar\/salud\/video-los-beneficios-del-zapote-la-fruta-guatemalteca-que-mejora-la-digestion-y-refuerza-el-sistema-inmune\" >VIDEO | Los beneficios del zapote: la fruta guatemalteca que mejora la digesti\u00f3n y refuerza el sistema inmune\u00a0<\/a><\/h3><\/div><\/div><\/div><div class=\"ultp-block-item ultp-block-media post-id-563702\"><div class=\"ultp-block-content-wrap ultp-all-postlist-2\"><div class=\"ultp-block-image ultp-block-image-zoomIn\"><a href=\"https:\/\/prensalibre-com-develop.go-vip.co\/guatevision\/internacionales\/video-seis-territorios-de-ee-uu-no-cambiaran-la-hora-este-domingo-estas-son-las-razones\" ><img decoding=\"async\"  alt=\"Mientras la mayor\u00eda de los estados de EE. UU. atrasar\u00e1 sus relojes una hora para finalizar el horario de verano, seis territorios mantendr\u00e1n su hora habitual debido a la poca variaci\u00f3n solar en sus regiones.\"  src=\"https:\/\/prensalibre-com-develop.go-vip.co\/guatevision\/wp-content\/uploads\/sites\/2\/2025\/10\/Miniatura-OK-cambio-de-horario-USA.jpg?quality=82&#038;w=150&#038;h=150&#038;crop=1\" \/><\/a><\/div><div class=\"ultp-block-content\"><div class=\"ultp-block-meta ultp-block-meta-emptyspace ultp-block-meta-icon\"><span class=\"ultp-block-date ultp-block-meta-element\"><svg xmlns=\"http:\/\/www.w3.org\/2000\/svg\" fill=\"none\" viewBox=\"0 0 24 24\">\n  <path stroke=\"currentColor\" stroke-linecap=\"round\" stroke-linejoin=\"round\" stroke-width=\"1.5\" d=\"M3 5.5a2 2 0 0 1 2-2h14a2 2 0 0 1 2 2v14a2 2 0 0 1-2 2H5a2 2 0 0 1-2-2v-14ZM8 2v3m8-3v3M3 9h18\"\/>\n<\/svg>\nOct 23, 2025<\/span><\/div><h3 class=\"ultp-block-title \"><a href=\"https:\/\/prensalibre-com-develop.go-vip.co\/guatevision\/internacionales\/video-seis-territorios-de-ee-uu-no-cambiaran-la-hora-este-domingo-estas-son-las-razones\" >VIDEO | Seis territorios de EE. UU. no cambiar\u00e1n la hora este domingo: estas son las razones<\/a><\/h3><\/div><\/div><\/div><div class=\"ultp-block-item ultp-block-media post-id-563693\"><div class=\"ultp-block-content-wrap ultp-all-postlist-2\"><div class=\"ultp-block-image ultp-block-image-zoomIn\"><a href=\"https:\/\/prensalibre-com-develop.go-vip.co\/guatevision\/internacionales\/videos-internacionales\/video-verificamos-el-caso-del-pasaporte-de-torenza-presentado-en-el-aeropuerto-jfk\" ><img decoding=\"async\"  alt=\"El supuesto video de una mujer que lleg\u00f3 a Estados Unidos con un pasaporte de \u201cTorenza\u201d se volvi\u00f3 viral. Sin embargo, el aeropuerto JFK inform\u00f3 a Prensa Libre que no hay evidencia de ning\u00fan incidente relacionado con ese nombre.\"  src=\"https:\/\/prensalibre-com-develop.go-vip.co\/guatevision\/wp-content\/uploads\/sites\/2\/2025\/10\/Miniatura-la-mujer-de-Toremza.jpg?quality=82&#038;w=150&#038;h=150&#038;crop=1\" \/><\/a><\/div><div class=\"ultp-block-content\"><div class=\"ultp-block-meta ultp-block-meta-emptyspace ultp-block-meta-icon\"><span class=\"ultp-block-date ultp-block-meta-element\"><svg xmlns=\"http:\/\/www.w3.org\/2000\/svg\" fill=\"none\" viewBox=\"0 0 24 24\">\n  <path stroke=\"currentColor\" stroke-linecap=\"round\" stroke-linejoin=\"round\" stroke-width=\"1.5\" d=\"M3 5.5a2 2 0 0 1 2-2h14a2 2 0 0 1 2 2v14a2 2 0 0 1-2 2H5a2 2 0 0 1-2-2v-14ZM8 2v3m8-3v3M3 9h18\"\/>\n<\/svg>\nOct 22, 2025<\/span><\/div><h3 class=\"ultp-block-title \"><a href=\"https:\/\/prensalibre-com-develop.go-vip.co\/guatevision\/internacionales\/videos-internacionales\/video-verificamos-el-caso-del-pasaporte-de-torenza-presentado-en-el-aeropuerto-jfk\" >VIDEO | Verificamos el caso del pasaporte de \u201cTorenza\u201d presentado en el aeropuerto JFK<\/a><\/h3><\/div><\/div><\/div><div class=\"ultp-block-item ultp-block-media post-id-563639\"><div class=\"ultp-block-content-wrap ultp-all-postlist-2\"><div class=\"ultp-block-image ultp-block-image-zoomIn\"><a href=\"https:\/\/prensalibre-com-develop.go-vip.co\/guatevision\/hogar\/salud\/video-yogur-con-miel-estudios-confirman-que-mejora-la-digestion-y-fortalece-el-sistema-inmune\" ><img decoding=\"async\"  alt=\"Investigaciones recientes destacan que combinar yogur con miel favorece la salud intestinal y fortalece el sistema inmunol\u00f3gico. Expertos explican que esta mezcla ayuda a conservar los probi\u00f3ticos, esenciales para mantener el equilibrio del microbioma y mejorar la absorci\u00f3n de nutrientes.\"  src=\"https:\/\/prensalibre-com-develop.go-vip.co\/guatevision\/wp-content\/uploads\/sites\/2\/2025\/10\/Miniatura-Beneficios-del-yogur-con-miel.jpg?quality=82&#038;w=150&#038;h=150&#038;crop=1\" \/><\/a><\/div><div class=\"ultp-block-content\"><div class=\"ultp-block-meta ultp-block-meta-emptyspace ultp-block-meta-icon\"><span class=\"ultp-block-date ultp-block-meta-element\"><svg xmlns=\"http:\/\/www.w3.org\/2000\/svg\" fill=\"none\" viewBox=\"0 0 24 24\">\n  <path stroke=\"currentColor\" stroke-linecap=\"round\" stroke-linejoin=\"round\" stroke-width=\"1.5\" d=\"M3 5.5a2 2 0 0 1 2-2h14a2 2 0 0 1 2 2v14a2 2 0 0 1-2 2H5a2 2 0 0 1-2-2v-14ZM8 2v3m8-3v3M3 9h18\"\/>\n<\/svg>\nOct 21, 2025<\/span><\/div><h3 class=\"ultp-block-title \"><a href=\"https:\/\/prensalibre-com-develop.go-vip.co\/guatevision\/hogar\/salud\/video-yogur-con-miel-estudios-confirman-que-mejora-la-digestion-y-fortalece-el-sistema-inmune\" >VIDEO | Yogur con miel: estudios confirman que mejora la digesti\u00f3n y fortalece el sistema inmune<\/a><\/h3><\/div><\/div><\/div><\/div><\/div><div class=\"pagination-block-html\" aria-hidden=\"true\" style=\"display: none;\"><\/div><\/div><\/div><\/div>\n<\/div><\/div><\/div>\n","protected":false},"excerpt":{"rendered":"","protected":false},"author":363,"featured_media":0,"parent":0,"menu_order":0,"comment_status":"closed","ping_status":"closed","template":"ultp_page_template","meta":{"footnotes":""},"etiqueta":[],"class_list":["post-563769","page","type-page","status-publish","hentry"],"yoast_head":"<!-- This site is optimized with the Yoast SEO plugin v23.9 - https:\/\/yoast.com\/wordpress\/plugins\/seo\/ -->\n<title>Contact - Guatevision<\/title>\n<meta name=\"robots\" content=\"index, follow, max-snippet:-1, max-image-preview:large, max-video-preview:-1\" \/>\n<link rel=\"canonical\" href=\"https:\/\/prensalibre-com-develop.go-vip.co\/guatevision\/contact\" \/>\n<meta property=\"og:locale\" content=\"es_ES\" \/>\n<meta property=\"og:type\" content=\"article\" \/>\n<meta property=\"og:title\" content=\"Contact - Guatevision\" \/>\n<meta property=\"og:url\" content=\"https:\/\/prensalibre-com-develop.go-vip.co\/guatevision\/contact\" \/>\n<meta property=\"og:site_name\" content=\"Guatevision\" \/>\n<meta name=\"twitter:card\" content=\"summary_large_image\" \/>\n<script type=\"application\/ld+json\" class=\"yoast-schema-graph\">{\"@context\":\"https:\/\/schema.org\",\"@graph\":[{\"@type\":\"WebPage\",\"@id\":\"https:\/\/prensalibre-com-develop.go-vip.co\/guatevision\/contact\",\"url\":\"https:\/\/prensalibre-com-develop.go-vip.co\/guatevision\/contact\",\"name\":\"Contact - Guatevision\",\"isPartOf\":{\"@id\":\"https:\/\/prensalibre-com-develop.go-vip.co\/guatevision\/#website\"},\"datePublished\":\"2026-04-06T23:44:40+00:00\",\"dateModified\":\"2026-04-06T23:44:40+00:00\",\"inLanguage\":\"es-GT\",\"potentialAction\":[{\"@type\":\"ReadAction\",\"target\":[\"https:\/\/prensalibre-com-develop.go-vip.co\/guatevision\/contact\"]}]},{\"@type\":\"WebSite\",\"@id\":\"https:\/\/prensalibre-com-develop.go-vip.co\/guatevision\/#website\",\"url\":\"https:\/\/prensalibre-com-develop.go-vip.co\/guatevision\/\",\"name\":\"Guatevision\",\"description\":\"\u00a1Enciende Lo Bueno!\",\"publisher\":{\"@id\":\"https:\/\/prensalibre-com-develop.go-vip.co\/guatevision\/#organization\"},\"potentialAction\":[{\"@type\":\"SearchAction\",\"target\":{\"@type\":\"EntryPoint\",\"urlTemplate\":\"https:\/\/prensalibre-com-develop.go-vip.co\/guatevision\/?s={search_term_string}\"},\"query-input\":{\"@type\":\"PropertyValueSpecification\",\"valueRequired\":true,\"valueName\":\"search_term_string\"}}],\"inLanguage\":\"es-GT\"},{\"@type\":\"Organization\",\"@id\":\"https:\/\/prensalibre-com-develop.go-vip.co\/guatevision\/#organization\",\"name\":\"Guatevision\",\"url\":\"https:\/\/prensalibre-com-develop.go-vip.co\/guatevision\/\",\"logo\":{\"@type\":\"ImageObject\",\"inLanguage\":\"es-GT\",\"@id\":\"https:\/\/prensalibre-com-develop.go-vip.co\/guatevision\/#\/schema\/logo\/image\/\",\"url\":\"https:\/\/prensalibre-com-develop.go-vip.co\/guatevision\/wp-content\/uploads\/sites\/2\/2026\/04\/Diseno-sin-titulo.png?quality=82\",\"contentUrl\":\"https:\/\/prensalibre-com-develop.go-vip.co\/guatevision\/wp-content\/uploads\/sites\/2\/2026\/04\/Diseno-sin-titulo.png?quality=82\",\"width\":1000,\"height\":600,\"caption\":\"Guatevision\"},\"image\":{\"@id\":\"https:\/\/prensalibre-com-develop.go-vip.co\/guatevision\/#\/schema\/logo\/image\/\"}}]}<\/script>\n<!-- \/ Yoast SEO plugin. -->","yoast_head_json":{"title":"Contact - Guatevision","robots":{"index":"index","follow":"follow","max-snippet":"max-snippet:-1","max-image-preview":"max-image-preview:large","max-video-preview":"max-video-preview:-1"},"canonical":"https:\/\/prensalibre-com-develop.go-vip.co\/guatevision\/contact","og_locale":"es_ES","og_type":"article","og_title":"Contact - Guatevision","og_url":"https:\/\/prensalibre-com-develop.go-vip.co\/guatevision\/contact","og_site_name":"Guatevision","twitter_card":"summary_large_image","schema":{"@context":"https:\/\/schema.org","@graph":[{"@type":"WebPage","@id":"https:\/\/prensalibre-com-develop.go-vip.co\/guatevision\/contact","url":"https:\/\/prensalibre-com-develop.go-vip.co\/guatevision\/contact","name":"Contact - Guatevision","isPartOf":{"@id":"https:\/\/prensalibre-com-develop.go-vip.co\/guatevision\/#website"},"datePublished":"2026-04-06T23:44:40+00:00","dateModified":"2026-04-06T23:44:40+00:00","inLanguage":"es-GT","potentialAction":[{"@type":"ReadAction","target":["https:\/\/prensalibre-com-develop.go-vip.co\/guatevision\/contact"]}]},{"@type":"WebSite","@id":"https:\/\/prensalibre-com-develop.go-vip.co\/guatevision\/#website","url":"https:\/\/prensalibre-com-develop.go-vip.co\/guatevision\/","name":"Guatevision","description":"\u00a1Enciende Lo Bueno!","publisher":{"@id":"https:\/\/prensalibre-com-develop.go-vip.co\/guatevision\/#organization"},"potentialAction":[{"@type":"SearchAction","target":{"@type":"EntryPoint","urlTemplate":"https:\/\/prensalibre-com-develop.go-vip.co\/guatevision\/?s={search_term_string}"},"query-input":{"@type":"PropertyValueSpecification","valueRequired":true,"valueName":"search_term_string"}}],"inLanguage":"es-GT"},{"@type":"Organization","@id":"https:\/\/prensalibre-com-develop.go-vip.co\/guatevision\/#organization","name":"Guatevision","url":"https:\/\/prensalibre-com-develop.go-vip.co\/guatevision\/","logo":{"@type":"ImageObject","inLanguage":"es-GT","@id":"https:\/\/prensalibre-com-develop.go-vip.co\/guatevision\/#\/schema\/logo\/image\/","url":"https:\/\/prensalibre-com-develop.go-vip.co\/guatevision\/wp-content\/uploads\/sites\/2\/2026\/04\/Diseno-sin-titulo.png?quality=82","contentUrl":"https:\/\/prensalibre-com-develop.go-vip.co\/guatevision\/wp-content\/uploads\/sites\/2\/2026\/04\/Diseno-sin-titulo.png?quality=82","width":1000,"height":600,"caption":"Guatevision"},"image":{"@id":"https:\/\/prensalibre-com-develop.go-vip.co\/guatevision\/#\/schema\/logo\/image\/"}}]}},"jetpack_sharing_enabled":true,"_links":{"self":[{"href":"https:\/\/prensalibre-com-develop.go-vip.co\/guatevision\/wp-json\/wp\/v2\/pages\/563769","targetHints":{"allow":["GET"]}}],"collection":[{"href":"https:\/\/prensalibre-com-develop.go-vip.co\/guatevision\/wp-json\/wp\/v2\/pages"}],"about":[{"href":"https:\/\/prensalibre-com-develop.go-vip.co\/guatevision\/wp-json\/wp\/v2\/types\/page"}],"author":[{"embeddable":true,"href":"https:\/\/prensalibre-com-develop.go-vip.co\/guatevision\/wp-json\/wp\/v2\/users\/363"}],"replies":[{"embeddable":true,"href":"https:\/\/prensalibre-com-develop.go-vip.co\/guatevision\/wp-json\/wp\/v2\/comments?post=563769"}],"version-history":[{"count":0,"href":"https:\/\/prensalibre-com-develop.go-vip.co\/guatevision\/wp-json\/wp\/v2\/pages\/563769\/revisions"}],"wp:attachment":[{"href":"https:\/\/prensalibre-com-develop.go-vip.co\/guatevision\/wp-json\/wp\/v2\/media?parent=563769"}],"wp:term":[{"taxonomy":"etiqueta","embeddable":true,"href":"https:\/\/prensalibre-com-develop.go-vip.co\/guatevision\/wp-json\/wp\/v2\/etiqueta?post=563769"}],"curies":[{"name":"wp","href":"https:\/\/api.w.org\/{rel}","templated":true}]}}